[INFO] cloning repository https://github.com/peterkhayes/simpledb
[INFO] running `Command { std: "git" "-c" "credential.helper=" "-c" "credential.helper=/workspace/cargo-home/bin/git-credential-null" "clone" "--bare" "https://github.com/peterkhayes/simpledb" "/workspace/cache/git-repos/https%3A%2F%2Fgithub.com%2Fpeterkhayes%2Fsimpledb", kill_on_drop: false }`
[INFO] [stderr] Cloning into bare repository '/workspace/cache/git-repos/https%3A%2F%2Fgithub.com%2Fpeterkhayes%2Fsimpledb'...
[INFO] running `Command { std: "git" "rev-parse" "HEAD", kill_on_drop: false }`
[INFO] [stdout] 6e04f58424fe0030ce025c7715eb0c685255522b
[INFO] checking peterkhayes/simpledb against try#72f88fc4e9458f89516a0b8b0868f3718aec5b47 for pr-74989
[INFO] running `Command { std: "git" "clone" "/workspace/cache/git-repos/https%3A%2F%2Fgithub.com%2Fpeterkhayes%2Fsimpledb" "/workspace/builds/worker-4/source", kill_on_drop: false }`
[INFO] [stderr] Cloning into '/workspace/builds/worker-4/source'...
[INFO] [stderr] done.
[INFO] validating manifest of git repo https://github.com/peterkhayes/simpledb on toolchain 72f88fc4e9458f89516a0b8b0868f3718aec5b47
[INFO] running `Command { std: "/workspace/cargo-home/bin/cargo" "+72f88fc4e9458f89516a0b8b0868f3718aec5b47" "read-manifest" "--manifest-path" "Cargo.toml", kill_on_drop: false }`
[INFO] started tweaking git repo https://github.com/peterkhayes/simpledb
[INFO] finished tweaking git repo https://github.com/peterkhayes/simpledb
[INFO] tweaked toml for git repo https://github.com/peterkhayes/simpledb written to /workspace/builds/worker-4/source/Cargo.toml
[INFO] crate git repo https://github.com/peterkhayes/simpledb already has a lockfile, it will not be regenerated
[INFO] running `Command { std: "/workspace/cargo-home/bin/cargo" "+72f88fc4e9458f89516a0b8b0868f3718aec5b47" "fetch" "--locked" "--manifest-path" "Cargo.toml", kill_on_drop: false }`
[INFO] [stderr]  Downloading crates ...
[INFO] [stderr]   Downloaded tokio-core v0.1.4
[INFO] [stderr]   Downloaded mio v0.6.4
[INFO] [stderr]   Downloaded futures v0.1.10
[INFO] [stderr]   Downloaded tokio-proto v0.1.0
[INFO] [stderr]   Downloaded miow v0.2.0
[INFO] running `Command { std: "docker" "create" "-v" "/var/lib/crater-agent-workspace/builds/worker-4/target:/opt/rustwide/target:rw,Z" "-v" "/var/lib/crater-agent-workspace/builds/worker-4/source:/opt/rustwide/workdir:ro,Z" "-v" "/var/lib/crater-agent-workspace/cargo-home:/opt/rustwide/cargo-home:ro,Z" "-v" "/var/lib/crater-agent-workspace/rustup-home:/opt/rustwide/rustup-home:ro,Z" "-e" "SOURCE_DIR=/opt/rustwide/workdir" "-e" "CARGO_TARGET_DIR=/opt/rustwide/target" "-e" "CARGO_HOME=/opt/rustwide/cargo-home" "-e" "RUSTUP_HOME=/opt/rustwide/rustup-home" "-w" "/opt/rustwide/workdir" "-m" "1610612736" "--user" "0:0" "--network" "none" "rustops/crates-build-env@sha256:d92eaeed33fa75130ca1ee6c8a01d1ffb62bac859dfdfb3450e3e5d1c0146529" "/opt/rustwide/cargo-home/bin/cargo" "+72f88fc4e9458f89516a0b8b0868f3718aec5b47" "metadata" "--no-deps" "--format-version=1", kill_on_drop: false }`
[INFO] [stdout] 94325760faf27d63027849670ed8fd8f2f65e392d560e325cde34baa9d329955
[INFO] [stderr] WARNING: Your kernel does not support swap limit capabilities or the cgroup is not mounted. Memory limited without swap.
[INFO] running `Command { std: "docker" "start" "-a" "94325760faf27d63027849670ed8fd8f2f65e392d560e325cde34baa9d329955", kill_on_drop: false }`
[INFO] running `Command { std: "docker" "inspect" "94325760faf27d63027849670ed8fd8f2f65e392d560e325cde34baa9d329955", kill_on_drop: false }`
[INFO] running `Command { std: "docker" "rm" "-f" "94325760faf27d63027849670ed8fd8f2f65e392d560e325cde34baa9d329955", kill_on_drop: false }`
[INFO] [stdout] 94325760faf27d63027849670ed8fd8f2f65e392d560e325cde34baa9d329955
[INFO] running `Command { std: "docker" "create" "-v" "/var/lib/crater-agent-workspace/builds/worker-4/target:/opt/rustwide/target:rw,Z" "-v" "/var/lib/crater-agent-workspace/builds/worker-4/source:/opt/rustwide/workdir:ro,Z" "-v" "/var/lib/crater-agent-workspace/cargo-home:/opt/rustwide/cargo-home:ro,Z" "-v" "/var/lib/crater-agent-workspace/rustup-home:/opt/rustwide/rustup-home:ro,Z" "-e" "SOURCE_DIR=/opt/rustwide/workdir" "-e" "CARGO_TARGET_DIR=/opt/rustwide/target" "-e" "CARGO_INCREMENTAL=0" "-e" "RUST_BACKTRACE=full" "-e" "RUSTFLAGS=--cap-lints=forbid" "-e" "CARGO_HOME=/opt/rustwide/cargo-home" "-e" "RUSTUP_HOME=/opt/rustwide/rustup-home" "-w" "/opt/rustwide/workdir" "-m" "1610612736" "--user" "0:0" "--network" "none" "rustops/crates-build-env@sha256:d92eaeed33fa75130ca1ee6c8a01d1ffb62bac859dfdfb3450e3e5d1c0146529" "/opt/rustwide/cargo-home/bin/cargo" "+72f88fc4e9458f89516a0b8b0868f3718aec5b47" "check" "--frozen" "--all" "--all-targets" "--message-format=json", kill_on_drop: false }`
[INFO] [stdout] e619456eabb0627d069365b4c8e083056a4efedcc307dc3ecf0e599a87276a5c
[INFO] [stderr] WARNING: Your kernel does not support swap limit capabilities or the cgroup is not mounted. Memory limited without swap.
[INFO] running `Command { std: "docker" "start" "-a" "e619456eabb0627d069365b4c8e083056a4efedcc307dc3ecf0e599a87276a5c", kill_on_drop: false }`
[INFO] [stderr]     Checking cfg-if v0.1.0
[INFO] [stderr]     Checking lazycell v0.4.0
[INFO] [stderr]     Checking slab v0.3.0
[INFO] [stderr]     Checking scoped-tls v0.1.0
[INFO] [stderr]     Checking smallvec v0.2.1
[INFO] [stderr]     Checking take v0.1.0
[INFO] [stderr]     Checking nom v2.1.0
[INFO] [stderr]     Checking rand v0.3.15
[INFO] [stderr]     Checking futures v0.1.10
[INFO] [stderr]     Checking net2 v0.2.26
[INFO] [stderr]     Checking mio v0.6.4
[INFO] [stderr]     Checking tokio-service v0.1.0
[INFO] [stderr]     Checking tokio-core v0.1.4
[INFO] [stderr]     Checking tokio-proto v0.1.0
[INFO] [stderr]     Checking simpledb v0.1.0 (/opt/rustwide/workdir)
[INFO] [stdout] error[E0468]: an `extern crate` loading macros must be at the crate root
[INFO] [stdout]  --> src/parser.rs:2:1
[INFO] [stdout]   |
[INFO] [stdout] 2 | extern crate nom;
[INFO] [stdout]   | ^^^^^^^^^^^^^^^^^
[INFO] [stdout] 
[INFO] [stdout] 
[INFO] [stdout] error[E0468]: an `extern crate` loading macros must be at the crate root
[INFO] [stdout]  --> src/parser.rs:2:1
[INFO] [stdout]   |
[INFO] [stdout] 2 | extern crate nom;
[INFO] [stdout]   | ^^^^^^^^^^^^^^^^^
[INFO] [stdout] 
[INFO] [stdout] 
[INFO] [stdout] error[E0432]: unresolved import `nom`
[INFO] [stdout]  --> src/parser.rs:4:5
[INFO] [stdout]   |
[INFO] [stdout] 4 | use nom::{IResult,digit};
[INFO] [stdout]   |     ^^^ help: a similar path exists: `self::nom`
[INFO] [stdout] 
[INFO] [stdout] 
[INFO] [stdout] error[E0425]: cannot find function `parse` in module `parser`
[INFO] [stdout]   --> src/server.rs:77:30
[INFO] [stdout]    |
[INFO] [stdout] 77 |         let parsed = parser::parse(req).unwrap();
[INFO] [stdout]    |                              ^^^^^ not found in `parser`
[INFO] [stdout] 
[INFO] [stdout] 
[INFO] [stdout] warning: unused `#[macro_use]` import
[INFO] [stdout]  --> src/parser.rs:1:1
[INFO] [stdout]   |
[INFO] [stdout] 1 | #[macro_use]
[INFO] [stdout]   | ^^^^^^^^^^^^
[INFO] [stdout]   |
[INFO] [stdout]   = note: `#[warn(unused_imports)]` on by default
[INFO] [stdout] 
[INFO] [stdout] 
[INFO] [stdout] warning: unused import: `std::str`
[INFO] [stdout]  --> src/parser.rs:8:5
[INFO] [stdout]   |
[INFO] [stdout] 8 | use std::str;
[INFO] [stdout]   |     ^^^^^^^^
[INFO] [stdout] 
[INFO] [stdout] 
[INFO] [stdout] warning: unused import: `std::str::FromStr`
[INFO] [stdout]  --> src/parser.rs:9:5
[INFO] [stdout]   |
[INFO] [stdout] 9 | use std::str::FromStr;
[INFO] [stdout]   |     ^^^^^^^^^^^^^^^^^
[INFO] [stdout] 
[INFO] [stdout] 
[INFO] [stdout] error[E0432]: unresolved import `nom`
[INFO] [stdout]  --> src/parser.rs:4:5
[INFO] [stdout]   |
[INFO] [stdout] 4 | use nom::{IResult,digit};
[INFO] [stdout]   |     ^^^ help: a similar path exists: `self::nom`
[INFO] [stdout] 
[INFO] [stdout] 
[INFO] [stdout] error: aborting due to 3 previous errors; 3 warnings emitted
[INFO] [stdout] 
[INFO] [stdout] 
[INFO] [stdout] Some errors have detailed explanations: E0425, E0432, E0468.
[INFO] [stdout] 
[INFO] [stdout] For more information about an error, try `rustc --explain E0425`.
[INFO] [stdout] 
[INFO] [stdout] error[E0425]: cannot find function `parse` in module `parser`
[INFO] [stdout]   --> src/server.rs:77:30
[INFO] [stdout]    |
[INFO] [stdout] 77 |         let parsed = parser::parse(req).unwrap();
[INFO] [stdout]    |                              ^^^^^ not found in `parser`
[INFO] [stdout] 
[INFO] [stdout] 
[INFO] [stdout] warning: unused `#[macro_use]` import
[INFO] [stdout]  --> src/parser.rs:1:1
[INFO] [stdout]   |
[INFO] [stdout] 1 | #[macro_use]
[INFO] [stdout]   | ^^^^^^^^^^^^
[INFO] [stdout]   |
[INFO] [stdout]   = note: `#[warn(unused_imports)]` on by default
[INFO] [stdout] 
[INFO] [stdout] 
[INFO] [stdout] warning: unused import: `std::str`
[INFO] [stdout]  --> src/parser.rs:8:5
[INFO] [stdout]   |
[INFO] [stdout] 8 | use std::str;
[INFO] [stdout]   |     ^^^^^^^^
[INFO] [stdout] 
[INFO] [stdout] 
[INFO] [stdout] warning: unused import: `std::str::FromStr`
[INFO] [stdout]  --> src/parser.rs:9:5
[INFO] [stdout]   |
[INFO] [stdout] 9 | use std::str::FromStr;
[INFO] [stdout]   |     ^^^^^^^^^^^^^^^^^
[INFO] [stdout] 
[INFO] [stdout] 
[INFO] [stderr] error: could not compile `simpledb`.
[INFO] [stderr] 
[INFO] [stderr] To learn more, run the command again with --verbose.
[INFO] [stderr] warning: build failed, waiting for other jobs to finish...
[INFO] [stdout] error: aborting due to 3 previous errors; 3 warnings emitted
[INFO] [stdout] 
[INFO] [stdout] 
[INFO] [stdout] Some errors have detailed explanations: E0425, E0432, E0468.
[INFO] [stdout] 
[INFO] [stdout] For more information about an error, try `rustc --explain E0425`.
[INFO] [stdout] 
[INFO] [stderr] error: build failed
[INFO] running `Command { std: "docker" "inspect" "e619456eabb0627d069365b4c8e083056a4efedcc307dc3ecf0e599a87276a5c", kill_on_drop: false }`
[INFO] running `Command { std: "docker" "rm" "-f" "e619456eabb0627d069365b4c8e083056a4efedcc307dc3ecf0e599a87276a5c", kill_on_drop: false }`
[INFO] [stdout] e619456eabb0627d069365b4c8e083056a4efedcc307dc3ecf0e599a87276a5c
